{"id":11,"date":"2020-12-14T02:51:28","date_gmt":"2020-12-14T02:51:28","guid":{"rendered":"https:\/\/cucoconstituyente.com\/?page_id=11"},"modified":"2024-11-20T21:30:38","modified_gmt":"2024-11-21T02:30:38","slug":"el-nuevo-umoma-abre-sus-puertas-2","status":"publish","type":"page","link":"https:\/\/cuconstituyente.com\/","title":{"rendered":"Ciudadanos Unidos por la Constituyente &#8211; CUCO"},"content":{"rendered":"\n<div class=\"wp-block-group alignwide\"><div class=\"wp-block-group__inner-container is-layout-flow wp-block-group-is-layout-flow\">\n<h2 class=\"wp-block-heading has-text-align-center\">Porque solo el pueblo salva al pueblo y como pueblo tenemos la obligaci\u00f3n de exigir respuesta a quienes elegimos para que nos representen.<\/h2>\n<\/div><\/div>\n\n\n\n<div class=\"wp-block-columns alignwide is-layout-flex wp-container-core-columns-is-layout-9d6595d7 wp-block-columns-is-layout-flex\">\n<div class=\"wp-block-column is-layout-flow wp-block-column-is-layout-flow\">\n<div class=\"wp-block-group\"><div class=\"wp-block-group__inner-container is-layout-flow wp-block-group-is-layout-flow\">\n<h3 class=\"wp-block-heading\">Noticias<\/h3>\n\n\n\n<p>Temas relacionados al acontecer cotidiano en nuestra sociedad<\/p>\n\n\n\n<div class=\"wp-block-button is-style-outline is-style-outline--1\"><a class=\"wp-block-button__link wp-element-button\" href=\"https:\/\/cuconstituyente.com\/index.php\/category\/noticias\/\" target=\"_blank\" rel=\"noreferrer noopener\">Leer m\u00e1s<\/a><\/div>\n<\/div><\/div>\n\n\n\n<div class=\"wp-block-group\"><div class=\"wp-block-group__inner-container is-layout-flow wp-block-group-is-layout-flow\">\n<h3 class=\"wp-block-heading\">Constituyente<\/h3>\n\n\n\n<p>Contenido referente al Poder Constituyente ejercido por y para el pueblo<\/p>\n\n\n\n<div class=\"wp-block-button is-style-outline is-style-outline--2\"><a class=\"wp-block-button__link wp-element-button\" href=\"https:\/\/cuconstituyente.com\/index.php\/category\/constituyente\/\" target=\"_blank\" rel=\"noreferrer noopener\">Leer m\u00e1s<\/a><\/div>\n<\/div><\/div>\n<\/div>\n\n\n\n<div class=\"wp-block-column is-layout-flow wp-block-column-is-layout-flow\">\n<div class=\"wp-block-group\"><div class=\"wp-block-group__inner-container is-layout-flow wp-block-group-is-layout-flow\">\n<h3 class=\"wp-block-heading\">Eventos<\/h3>\n\n\n\n<p>Actividades realizadas y por realizar<\/p>\n\n\n\n<div class=\"wp-block-button is-style-outline is-style-outline--3\"><a class=\"wp-block-button__link wp-element-button\" href=\"https:\/\/cuconstituyente.com\/index.php\/category\/eventos\/\" target=\"_blank\" rel=\"noreferrer noopener\">Leer m\u00e1s<\/a><\/div>\n<\/div><\/div>\n\n\n\n<div class=\"wp-block-group\"><div class=\"wp-block-group__inner-container is-layout-flow wp-block-group-is-layout-flow\">\n<h3 class=\"wp-block-heading\">Material de Referencia<\/h3>\n\n\n\n<p>Abarca material que sirven de referencia para adquirir conocimiento acerca de los deberes y derechos ciudadanos en un Estado de Derecho Democr\u00e1tico<\/p>\n\n\n\n<div class=\"wp-block-button is-style-outline is-style-outline--4\"><a class=\"wp-block-button__link wp-element-button\" href=\"https:\/\/cuconstituyente.com\/index.php\/category\/material-referencia\/\" target=\"_blank\" rel=\"noreferrer noopener\">Leer m\u00e1s<\/a><\/div>\n<\/div><\/div>\n<\/div>\n<\/div>\n\n\n\n<div class=\"wp-block-group alignwide\"><div class=\"wp-block-group__inner-container is-layout-flow wp-block-group-is-layout-flow\">\n<h2 class=\"wp-block-heading has-text-align-center has-accent-color has-text-color\">\u00abPor un refer\u00e9ndum acerca de una ASAMBLEA CONSTITUYENTE \u00bb.<\/h2>\n<\/div><\/div>\n\n\n\n<p class=\"has-drop-cap has-text-align-justify\">1 Urge promover, propiciar, organizar y garantizar la efectiva participaci\u00f3n ciudadana en la toma de decisiones de todos los asuntos p\u00fablicos, m\u00e1s all\u00e1 de una simple consulta..<\/p>\n\n\n\n<p class=\"has-text-align-justify has-drop-cap\">2 Es fundamental e indispensable, para la convivencia y el respeto de un sistema Democr\u00e1tico de nuestra Naci\u00f3n, ajustarse a las mejores Pr\u00e1cticas de un Estado Constitucional de Democr\u00e1tico de Derecho, con los m\u00e1s altos principios de \u00c9tica y Justicia.<\/p>\n\n\n\n<p class=\"has-text-align-justify has-drop-cap\">3 La prioridad es proporcionar un salto de calidad hist\u00f3rico, que permita real y decisiva participaci\u00f3n ciudadana, de todas las organizaciones del Estado, desde el nivel municipal hasta los m\u00e1s altos niveles, con el fin de suprimir la corrupci\u00f3n, impunidad y actos il\u00edcitos, productos del actual sistema que atenta contra la calidad vida de los ciudadanos, la integridad e identidad de la Naci\u00f3n Paname\u00f1a.<\/p>\n\n\n\n<div class=\"wp-block-group alignwide has-background\" style=\"background-color:#ffffff\"><div class=\"wp-block-group__inner-container is-layout-flow wp-block-group-is-layout-flow\">\n<div class=\"wp-block-group\"><div class=\"wp-block-group__inner-container is-layout-flow wp-block-group-is-layout-flow\">\n<h2 class=\"wp-block-heading has-text-align-center\">\u00a1Participa del Proceso Constituyente!<\/h2>\n\n\n\n<p class=\"has-text-align-center\">Porque todos somos parte de la soluci\u00f3n y juntos lograremos las normas que nos garanticen una verdadera democracia, Estado de derecho, independencia de poderes y justicia certera y oportuna que rijan para todos.<\/p>\n\n\n\n<div class=\"wp-block-button is-style-fill aligncenter\"><a class=\"wp-block-button__link wp-element-button\" href=\"https:\/\/cuconstituyente.com\/index.php\/contacto\/\" target=\"_blank\" rel=\"noreferrer noopener\">\u00danete<\/a><\/div>\n<\/div><\/div>\n<\/div><\/div>\n\n\n\n<p><\/p>\n","protected":false},"excerpt":{"rendered":"<p>Porque solo el pueblo salva al pueblo y como pueblo tenemos la obligaci\u00f3n de exigir respuesta a quienes elegimos para que nos representen. Noticias Temas relacionados al acontecer cotidiano en nuestra sociedad Constituyente Contenido referente al Poder Constituyente ejercido por y para el pueblo Eventos Actividades realizadas y por realizar Material de Referencia Abarca material [&hellip;]<\/p>\n","protected":false},"author":1,"featured_media":43,"parent":0,"menu_order":0,"comment_status":"closed","ping_status":"closed","template":"","meta":{"_editorskit_title_hidden":false,"_editorskit_reading_time":0,"_editorskit_is_block_options_detached":false,"_editorskit_block_options_position":"{}","jetpack_post_was_ever_published":false,"footnotes":""},"class_list":["post-11","page","type-page","status-publish","has-post-thumbnail","hentry"],"jetpack_sharing_enabled":true,"jetpack_likes_enabled":true,"_links":{"self":[{"href":"https:\/\/cuconstituyente.com\/index.php\/wp-json\/wp\/v2\/pages\/11","targetHints":{"allow":["GET"]}}],"collection":[{"href":"https:\/\/cuconstituyente.com\/index.php\/wp-json\/wp\/v2\/pages"}],"about":[{"href":"https:\/\/cuconstituyente.com\/index.php\/wp-json\/wp\/v2\/types\/page"}],"author":[{"embeddable":true,"href":"https:\/\/cuconstituyente.com\/index.php\/wp-json\/wp\/v2\/users\/1"}],"replies":[{"embeddable":true,"href":"https:\/\/cuconstituyente.com\/index.php\/wp-json\/wp\/v2\/comments?post=11"}],"version-history":[{"count":15,"href":"https:\/\/cuconstituyente.com\/index.php\/wp-json\/wp\/v2\/pages\/11\/revisions"}],"predecessor-version":[{"id":2701,"href":"https:\/\/cuconstituyente.com\/index.php\/wp-json\/wp\/v2\/pages\/11\/revisions\/2701"}],"wp:featuredmedia":[{"embeddable":true,"href":"https:\/\/cuconstituyente.com\/index.php\/wp-json\/wp\/v2\/media\/43"}],"wp:attachment":[{"href":"https:\/\/cuconstituyente.com\/index.php\/wp-json\/wp\/v2\/media?parent=11"}],"curies":[{"name":"wp","href":"https:\/\/api.w.org\/{rel}","templated":true}]}}